{"id":11846,"date":"2025-04-10T08:12:42","date_gmt":"2025-04-10T08:12:42","guid":{"rendered":"https:\/\/porodowelove.pl\/?post_type=product&#038;p=11846"},"modified":"2025-04-10T08:28:01","modified_gmt":"2025-04-10T08:28:01","slug":"porada-laktacyjna-online","status":"publish","type":"product","link":"https:\/\/porodowelove.pl\/index.php\/produkt\/porada-laktacyjna-online\/","title":{"rendered":"Porada laktacyjna &#8211; ONLINE"},"content":{"rendered":"<p>To propozycja dla os\u00f3b, kor\u0119 nie mog\u0105 dojecha\u0107 do Naszej szko\u0142y, potrzebuj\u0105 pilnej konsultacji lub preferuj\u0105 tak\u0105 form\u0119 spotkania.<\/p>\n","protected":false},"excerpt":{"rendered":"<p>To propozycja dla os\u00f3b, kor\u0119 nie mog\u0105 dojecha\u0107 do Naszej szko\u0142y, potrzebuj\u0105 pilnej konsultacji lub preferuj\u0105 tak\u0105 form\u0119 spotkania.<\/p>\n","protected":false},"featured_media":11850,"comment_status":"open","ping_status":"closed","template":"","meta":[],"product_brand":[],"product_cat":[118],"product_tag":[],"class_list":{"0":"post-11846","1":"product","2":"type-product","3":"status-publish","4":"has-post-thumbnail","6":"product_cat-uslugi","8":"first","9":"instock","10":"virtual","11":"purchasable","12":"product-type-simple"},"_links":{"self":[{"href":"https:\/\/porodowelove.pl\/index.php\/wp-json\/wp\/v2\/product\/11846","targetHints":{"allow":["GET"]}}],"collection":[{"href":"https:\/\/porodowelove.pl\/index.php\/wp-json\/wp\/v2\/product"}],"about":[{"href":"https:\/\/porodowelove.pl\/index.php\/wp-json\/wp\/v2\/types\/product"}],"replies":[{"embeddable":true,"href":"https:\/\/porodowelove.pl\/index.php\/wp-json\/wp\/v2\/comments?post=11846"}],"wp:featuredmedia":[{"embeddable":true,"href":"https:\/\/porodowelove.pl\/index.php\/wp-json\/wp\/v2\/media\/11850"}],"wp:attachment":[{"href":"https:\/\/porodowelove.pl\/index.php\/wp-json\/wp\/v2\/media?parent=11846"}],"wp:term":[{"taxonomy":"product_brand","embeddable":true,"href":"https:\/\/porodowelove.pl\/index.php\/wp-json\/wp\/v2\/product_brand?post=11846"},{"taxonomy":"product_cat","embeddable":true,"href":"https:\/\/porodowelove.pl\/index.php\/wp-json\/wp\/v2\/product_cat?post=11846"},{"taxonomy":"product_tag","embeddable":true,"href":"https:\/\/porodowelove.pl\/index.php\/wp-json\/wp\/v2\/product_tag?post=11846"}],"curies":[{"name":"wp","href":"https:\/\/api.w.org\/{rel}","templated":true}]}}